3
What is the greatest common divisor of 3676554 and 63?
63
Calculate the highest common divisor of 20024 and 8.
8
What is the highest common factor of 151294 and 2678?
26
What is the greatest common divisor of 750387 and 264?
33
Calculate the highest common divisor of 81 and 967059.
81
Calculate the highest common divisor of 392 and 57344.
56
What is the highest common divisor of 1467 and 7987?
163
Calculate the highest common factor of 11025 and 57379.
49
Calculate the highest common divisor of 10 and 21315.
5
Calculate the greatest common divisor of 42490 and 770.
70
What is the highest common factor of 163042 and 297?
11
Calculate the highest common divisor of 370 and 520.
10
Calculate the greatest common factor of 148980 and 540.
60
What is the greatest common divisor of 65604 and 231?
231
Calculate the highest common divisor of 8883740 and 20.
20
What is the greatest common divisor of 28992 and 12?
12
What is the highest common factor of 8558 and 504144?
778
What is the highest common divisor of 113277 and 2806?
61
Calculate the greatest common divisor of 348 and 4108604.
116
What is the greatest common divisor of 83208 and 216?
24
What is the highest common divisor of 86 and 17931?
43
Calculate the greatest common divisor of 716844 and 123.
123
Calculate the highest common divisor of 86611 and 7.
7
Calculate the greatest common factor of 432 and 888.
24
Calculate the highest common factor of 8804160 and 24.
24
What is the greatest common factor of 3427552 and 92?
92
What is the greatest common divisor of 27 and 876?
3
Calculate the highest common factor of 5486 and 82712.
422
Calculate the greatest common divisor of 49178 and 5138.
734
Calculate the greatest common divisor of 160 and 240.
80
What is the greatest common divisor of 1080 and 4020?
60
What is the greatest common divisor of 215545 and 44?
11
Calculate the highest common divisor of 4455 and 2090.
55
What is the highest common factor of 5600 and 6335?
35
What is the greatest common divisor of 4090 and 6380?
10
Calculate the highest common factor of 5703040 and 14.
14
What is the greatest common factor of 12824 and 128?
8
What is the greatest common divisor of 12774 and 54?
6
Calculate the greatest common divisor of 715810 and 1410.
470
Calculate the greatest common factor of 32 and 2362.
2
Calculate the highest common divisor of 30 and 21264.
6
Calculate the highest common divisor of 1473027 and 124.
31
Calculate the greatest common factor of 30 and 675.
15
Calculate the highest common factor of 111175 and 1175.
25
What is the highest common divisor of 1525 and 198616?
61
What is the highest common divisor of 1216 and 2166?
38
What is the highest common factor of 87 and 252561?
87
What is the highest common factor of 57 and 62871?
57
What is the highest common divisor of 12030 and 18?
6
What is the greatest common divisor of 42 and 243726?
42
Calculate the highest common divisor of 396 and 486.
18
What is the highest common divisor of 45721 and 13?
13
What is the greatest common divisor of 2538 and 8178?
282
Calculate the greatest common factor of 2755 and 124555.
145
What is the greatest common divisor of 3875 and 6665?
155
Calculate the highest common divisor of 10134 and 189.
9
Calculate the highest common factor of 5 and 2005.
5
Calculate the highest common factor of 1002 and 6.
6
Calculate the highest common factor of 33 and 3434937.
33
What is the highest common factor of 358788 and 348?
348
Calculate the greatest common factor of 31 and 58187.
31
Calculate the greatest common divisor of 1199 and 14707.
11
Calculate the highest common divisor of 319 and 418.
11
What is the greatest common divisor of 708 and 6852732?
708
What is the greatest common factor of 188504 and 56?
8
Calculate the highest common factor of 2 and 22138.
2
What is the highest common divisor of 48 and 1027428?
12
Calculate the greatest common divisor of 981090 and 3300.
330
What is the greatest common divisor of 40223 and 7081?
73
What is the highest common divisor of 986 and 1267996?
986
What is the greatest common factor of 22338 and 23652?
1314
Calculate the greatest common factor of 1073 and 1711.
29
Calculate the highest common factor of 21679 and 2128.
133
Calculate the highest common divisor of 725 and 7900.
25
What is the highest common factor of 50401 and 26?
13
Calculate the highest common divisor of 70293 and 15.
3
What is the highest common divisor of 969 and 52972?
323
What is the greatest common divisor of 83261 and 599?
599
Calculate the highest common factor of 78 and 90.
6
What is the greatest common divisor of 65793 and 21?
21
Calculate the greatest common factor of 9996 and 8064.
84
What is the highest common divisor of 1702 and 15502?
46
What is the greatest common factor of 943 and 1558?
41
Calculate the greatest common divisor of 199 and 9344045.
199
What is the greatest common divisor of 1320 and 44904?
24
Calculate the highest common factor of 8855 and 9625.
385
Calculate the highest common divisor of 8019 and 154.
11
What is the greatest common factor of 453994 and 1376?
86
Calculate the greatest common factor of 1385 and 53184.
277
Calculate the greatest common divisor of 25 and 414025.
25
What is the highest common factor of 955647 and 6174?
441
Calculate the greatest common factor of 39750 and 2875.
125
What is the greatest common factor of 15196 and 2436?
116
What is the greatest common divisor of 792 and 1067814?
198
What is the highest common divisor of 44 and 245982?
22
What is the greatest common divisor of 122 and 129259?
61
Calculate the greatest common divisor of 18 and 1558098.
18
Calculate the highest common factor of 280153 and 41.
41
Calculate the greatest common divisor of 1261 and 8879.
13
Calculate the highest common divisor of 136 and 1557200.
136
What is the highest common factor of 1891892 and 316?
316
Calculate the greatest common factor of 253 and 9515.
11
What is the greatest common divisor of 106582 and 644?
322
Calculate the highest common divisor of 335430 and 18.
18
What is the highest common divisor of 181831 and 923?
923
Calculate the greatest common factor of 10 and 2174.
2
What is the greatest common factor of 162304 and 5389?
317
What is the highest common factor of 23236 and 7252?
148
Calculate the highest common divisor of 119781 and 81.
9
What is the greatest common divisor of 151987 and 164?
41
Calculate the highest common divisor of 20552 and 40.
8
Calculate the greatest common divisor of 83865 and 480.
15
What is the greatest common divisor of 360524 and 193?
193
Calculate the highest common factor of 332 and 1024.
4
Calculate the highest common factor of 567 and 1428.
21
What is the greatest common factor of 62699 and 2028?
169
Calculate the highest common factor of 4096 and 172672.
128
Calculate the highest common factor of 1 and 91395.
1
Calculate the highest common factor of 1388 and 423687.
347
Calculate the highest common factor of 1384572 and 126.
42
Calculate the highest common divisor of 35581092 and 137.
137
What is the highest common divisor of 15745 and 11323?
67
Calculate the greatest common divisor of 213 and 135468.
213
Calculate the highest common factor of 338165 and 12951.
1439
What is the greatest common factor of 92 and 301898?
46
What is the highest common factor of 122632 and 8?
8
What is the greatest common divisor of 182 and 6174?
14
What is the greatest common factor of 23499 and 746?
373
What is the highest common divisor of 147 and 36099?
21
What is the highest common factor of 7742985 and 15?
15
Calculate the greatest common divisor of 26775 and 17.
17
What is the greatest common factor of 50327 and 11?
1
What is the greatest common divisor of 1570 and 2120?
10
What is the greatest common divisor of 664 and 176?
8
Calculate the highest common factor of 529359 and 666.
111
What is the greatest common factor of 390080 and 414?
46
Calculate the greatest common factor of 7 and 5593.
7
What is the highest common factor of 10 and 31310?
10
Calculate the greatest common divisor of 2584764 and 91.
91
Calculate the highest common divisor of 7578 and 18.
18
What is the highest common factor of 600 and 77520?
120
Calculate the highest common divisor of 196 and 2380.
28
What is the greatest common factor of 50 and 680